- 29606100. Give n(-1117).
-15
Let t(s) = 4*s**3 + 734*s**2 - 434*s - 12152. Determine t(-184).
-8
Let h(i) = 3788*i - 1117435. Determine h(295).
25
Let r(n) = -n**2 + 74*n + 591. What is r(-17)?
-956
Let u(o) = -24219*o - 47445025. Determine u(-1959).
-4
Let o(h) = 200*h - 40185. Calculate o(201).
15
Let d(i) = 2*i**2 - 1623*i - 48753. Calculate d(-29).
-4
Let r(c) = 120063*c + 1200631. Give r(-10).
1
Let f(i) = 1512*i + 69516. Determine f(-46).
-36
Let m(v) = 44*v - 289. Give m(0).
-289
Let t(u) = -23605*u + 1723168. Give t(73).
3
Let z(h) = 356*h**3 - h**2 + 603*h + 602. Determine z(-1).
-358
Let l(o) = -26*o**2 + 112*o + 508. Determine l(-5).
-702
Let y(v) = -703*v - 114586. What is y(-163)?
3
Let z(p) = -93*p**2 - 69*p + 56. What is z(1)?
-106
Let m(a) = -287*a - 27824. Determine m(-99).
589
Let t(a) = 4*a**3 - 14*a**2 - 1120*a + 11057. Give t(10).
2457
Let r(c) = -c**2 - 661*c + 15690. Calculate r(23).
-42
Let k(w) = 19*w**2 - 1649*w + 31140. Give k(59).
-12
Let x(s) = -2*s**3 - 4301*s**2 - 1748936*s - 3218. What is x(-1606)?
-6
Let g(n) = -225491*n - 676475. Determine g(-3).
-2
Let t(y) = 81*y**3 - 757*y**2 - 528*y - 8. Give t(10).
12
Let n(b) = 2*b**3 - 25*b**2 + 451*b - 2245. What is n(5)?
-365
Let p(l) = -10330*l - 10296. What is p(-1)?
34
Let i(u) = -19*u**2 - 882*u - 988. Determine i(-41).
3235
Let c(r) = 113*r**2 - 738*r + 16. Calculate c(7).
387
Let g(x) = x**3 - 148*x**2 + 1551*x - 6016. Give g(137).
12
Let b(c) = 11*c**2 + 2833*c + 14114. Determine b(-5).
224
Let y(q) = -q**3 - 29*q**2 - 225*q + 450. Give y(-16).
722
Let t(a) = -2*a**3 + 3672*a**2 - 14270*a - 707157. Give t(1832).
-5
Let q(h) = 12058*h + 60763. Calculate q(-5).
473
Let l(k) = 119841*k + 239683. Calculate l(-2).
1
Let g(t) = 269*t + 459. Determine g(0).
459
Let m(r) = -3*r**2 + 860*r - 8405. Calculate m(10).
-105
Let c(b) = 5*b**2 - 5215*b + 545746. What is c(118)?
-4
Let a(x) = 37*x**2 + 130*x + 112. Give a(-4).
184
Let k(w) = 4*w**3 - 17*w**2 - 25*w - 89. Calculate k(-4).
-517
Let o(y) = -17642*y - 1446649. Calculate o(-82).
-5
Let n(x) = -155701*x + 20396823. Calculate n(131).
-8
Let v(r) = -4445*r + 109853. Calculate v(25).
-1272
Let i(s) = s**2 - 5834*s - 2740439. Determine i(-437).
-12
Let i(c) = -c**3 - 1448*c**2 - 2945*c - 76644. What is i(-1446)?
-6
Let p(c) = -15*c**3 - 353*c**2 + 173*c + 106. Determine p(-24).
-14
Let m(d) = -16443*d + 32887. Determine m(2).
1
Let g(k) = -1424*k - 14280. What is g(-10)?
-40
Let o(p) = -p**3 + 62*p**2 - 3037*p + 181517. Determine o(61).
-19
Let u(l) = -3*l**3 - 217*l**2 - 287*l - 202. Calculate u(-71).
11
Let h(s) = -s**3 - 1732*s**2 + 22656*s + 381. What is h(13)?
4
Let u(x) = 9029*x + 731357. What is u(-81)?
8
Let n(k) = 1753*k**2 - 10450*k - 405. Calculate n(6).
3
Let m(w) = w**2 - 2049*w + 18420. Give m(9).
60
Let h(c) = -33*c**3 + 2*c**2 + 8*c - 103. Calculate h(0).
-103
Let c(m) = m**2 - 1388*m + 383656. What is c(1007)?
-11
Let g(i) = 2*i**2 + 180*i + 1009. Give g(-10).
-591
Let v(j) = 2*j**3 + 17*j**2 + 9721*j + 87579. What is v(-9)?
9
Let v(n) = -n**3 + 124*n**2 - 973*n + 4513. Determine v(116).
-707
Let l(g) = -22505*g - 67551. Give l(-3).
-36
Let y(a) = 7710*a + 424006. What is y(-55)?
-44
Let m(l) = l**3 - 134*l**2 + 2082*l + 788. Determine m(116).
92
Let h(k) = -k**3 - 181*k**2 - 1050*k - 208. Calculate h(-175).
-208
Let y(q) = 55798*q + 55788. Calculate y(-1).
-10
Let h(g) = 6*g**2 - 73*g + 49. Determine h(23).
1544
Let r(u) = u**3 + 29*u**2 + 155*u - 41. Give r(-22).
-63
Let q(c) = -2*c**3 - 3*c**2 - 15*c - 175. What is q(-10)?
1675
Let h(q) = -5629833*q - 39408829. Calculate h(-7).
2
Let w(k) = 1501*k + 7761. What is w(-5)?
256
Let z(b) = 1759214*b + 29906640. Give z(-17).
2
Let m(a) = -5*a**3 + 2321*a**2 - 435*a - 13573. What is m(464)?
-117
Let v(f) = -3*f**2 + 2602*f + 31609. Give v(-12).
-47
Let a(p) = 39*p**2 - 274*p + 84. Give a(6).
-156
Let w(o) = -o**2 - 197090*o + 1576779. What is w(8)?
-5
Let w(a) = -132764*a - 3451858. Determine w(-26).
6
Let m(g) = 4*g**2 - 505*g + 1594. What is m(123)?
-5
Let i(l) = l**3 - 3*l**2 - 172*l - 11. Determine i(9).
-1073
Let y(z) = z**3 - 22*z**2 - 6*z + 24. What is y(4)?
-288
Let k(z) = -519*z**2 + 2364*z + 1145. Determine k(5).
-10
Let i(x) = 2*x**3 - 532*x**2 - 1083*x + 2951. Give i(268).
3
Let h(k) = 148348*k - 10977748. What is h(74)?
4
Let p(h) = -2*h**3 + 1071*h**2 - 4253*h - 8. Determine p(4).
-12
Let c(n) = -68557*n + 2605161. Determine c(38).
-5
Let z(f) = -f**3 + 170*f**2 - 2250*f - 1111. What is z(15)?
14
Let w(i) = 3282*i - 669511. Calculate w(204).
17
Let t(n) = 5495*n + 33297. Determine t(-6).
327
Let r(a) = -138*a + 25589. What is r(186)?
-79
Let n(y) = 311*y**2 + 1853*y - 75. What is n(-6)?
3
Let y(r) = -r**3 - 61*r**2 - 82*r + 85. Calculate y(-60).
1405
Let l(p) = 45079*p + 225412. Calculate l(-5).
17
Let p(h) = 101*h + 34994. Give p(-318).
2876
Let u(q) = 175*q - 7298. What is u(43)?
227
Let h(b) = 559*b + 39694. Calculate h(-71).
5
Let r(h) = -221*h**3 + 2880*h**2 - 88*h - 35. Calculate r(13).
4
Let a(o) = o**3 + 10*o**2 - 210*o - 2063. Calculate a(-10).
37
Let t(g) = -g**3 + 10*g**2 - 21739*g + 173788. Give t(8).
4
Let o(p) = 4*p**3 + 17*p**2 + 36*p + 427. What is o(-6)?
-41
Let p(k) = -2*k**2 - 122*k + 676. Determine p(6).
-128
Let i(y) = y**2 - 17*y - 11194. Give i(-108).
2306
Let t(u) = 5145*u - 1677286. Determine t(326).
-16
Let w(a) = -22497*a + 2092224. Determine w(93).
3
Let j(f) = 11*f**3 + 5*f**2 - 401*f + 789. Determine j(2).
95
Let w(o) = -o**3 + 544*o**2 - 1080*o + 291603. Give w(543).
12
Let g(r) = -18*r**3 + 137*r**2 - 38*r - 304. Determine g(7).
-31
Let o(z) = 896*z - 9606. Determine o(11).
250
Let h(y) = -y**3 + 233*y**2 + 4394*y + 31122. Calculate h(251).
-2
Let c(g) = 211*g + 2707. What is c(-12)?
175
Let j(r) = r**2 - 50*r - 16304. Give j(-105).
-29
Let m(i) = -2078*i - 127553. Determine m(-61).
-795
Let d(g) = -4*g**3 + 99*g**2 + 14*g + 360. Give d(25).
85
Let x(k) = 16426*k**2 + 1314083*k + 233. Determine x(-80).
-7
Let s(h) = h**2 + 3970*h + 164990. Give s(-42).
14
Let g(n) = 60*n**2 - 26819*n - 386. Give g(447).
61
Let y(s) = -s**3 + 212*s**2 - 448*s + 6149. Calculate y(210).
269
Let r(g) = -15*g**2 + 801*g - 9679. Give r(12).
-2227
Let x(m) = 10480*m - 974637. Give x(93).
3
Let l(a) = a**3 + 87*a**2 - 2786*a + 1616. What is l(-112)?
48
Let g(j) = j**3 + 44*j**2 + 276*j + 97. Give g(-7).
-22
Let p(g) = g**2 - 12812*g + 1018498. Calculate p(80).
-62
Let u(h) = 3*h**2 - 25*h - 5813. Give u(-40).
-13
Let g(n) = -1658*n + 13308. What is g(8)?
44
Let g(z) = -1497*z**3 + 53*z**2 - 52*z. Calculate g(1).
-1496
Let t(m) = -51527*m + 360701. What is t(7)?
12
Let i(v) = -330*v**3 - v**2 - 162*v + 165. Give i(1).
-328
Let f(r) = -4290*r - 90086. Calculate f(-21).
4
Let k(c) = -218*c**2 - 1792*c + 3. Calculate k(-8).
387
Let z(f) = 7*f**2 - 13235*f - 119174. Give z(-9).
508
Let g(l) = -2*l**3 - 24*l**2 - 38*l - 1155. Determine g(-18).
3417
Let a(n) = 3*n**3 - 64*n**2 - 26*n - 409. What is a(20)?
-2529
Let h(y) = -4*y**2 + 148*y + 104257. Determine h(-144).
1
Let t(w) = 1866*w - 63450. Determine t(34).
-6
Let m(q) = 2*q**3 + 5*q**2 - 40*q + 71. What is m(5)?
246
Let t(d) = -156754*d + 2351233. Determine t(15).
-77
Let i(p) = -4*p**2 + 8464*p - 250314. Give i(30).
6
Let z(u) = -9*u**2 - 233*u + 896. Give z(-21).
1820
Let y(u) = -u**2 + 12009*u - 1001681. Give y(84).
19
Let p(j) = -557*j - 3289. Calculate p(-6).
53
Let n(x) = 25162*x - 981318. What is n(39)?
0
Let l(x) = -x**3 - 44*x**2 - 250*x + 6. What is l(-7)?
-57
Let x(m) = m**3 + 6*m**2 - 10958*m - 87536. Determine x(-8).
0
Let d(f) = -10*f**2 - 2565*f - 14956. Calculate d(-6).
74
Let q(j) = 4452*j - 681158. Calculate q(153).
-2
Let t(k) = -1450*k - 11573. Give t(-8).
27
Let g(v) = 3010*v - 165560. Determine g(55).
-10
Let h(y) = 2*y**2 + 128*y + 215. Calculate h(-69).
905
Let f(w) = -235*w - 4254. Give f(-18).
-24
Let j(m) = m**2 + 974*m + 96261. What is j(-117)?
-4008
Let r(l) = -5509*l + 1118331. What is r(203)?
4
Let i(m) = -2*m**3 - 104*m**2 - 11590*m - 619891. What is i(-53)?
-3
Let r(n) = -685*n - 8893. Give r(-13).
12
Let t(i) = 172*i**2 + 175*i + 359. Calculate t(-2).
697
Let l(i) = 96*i - 3331. Calculate l(43).
797
Let t(s) = -1767*s + 6406. Give t(4).
-662
Let d(l